{"id":2,"date":"2018-03-16T02:45:15","date_gmt":"2018-03-16T02:45:15","guid":{"rendered":"http:\/\/cuazteca.edu.mx\/educacioncontinua\/?page_id=2"},"modified":"2018-03-19T05:08:45","modified_gmt":"2018-03-19T05:08:45","slug":"sample-page","status":"publish","type":"page","link":"https:\/\/cuazteca.edu.mx\/educacioncontinua\/sample-page\/","title":{"rendered":"Expositores"},"content":{"rendered":"<p class=\"western\" align=\"justify\"><span style=\"font-family: Tahoma, sans-serif;\"><span style=\"font-size: x-large;\"><b>Dr. Daniel Zaldivar Navarro<\/b><\/span><\/span><\/p>\n<p class=\"western\" align=\"justify\"><a href=\"http:\/\/cuazteca.edu.mx\/INVEST\/wp-content\/uploads\/2015\/01\/daniel.png\"><img decoding=\"async\" loading=\"lazy\" class=\" wp-image-37 alignleft\" src=\"http:\/\/cuazteca.edu.mx\/INVEST\/wp-content\/uploads\/2015\/01\/daniel.png\" alt=\"daniel\" width=\"163\" height=\"163\" \/><\/a><\/p>\n<p class=\"western\" align=\"justify\"><span style=\"color: #000000;\"><span style=\"font-family: Tahoma, sans-serif;\"><span style=\"font-size: small;\">El Dr. Zald\u00edvar es Ingeniero en Comunicaciones y Electr\u00f3nica por parte de la Universidad de Guadalajara en 1995, graduado en 2001 de la Maestr\u00eda en Electr\u00f3nica industrial en el ITESO. En el 2006 recibi\u00f3 el grado de doctor en inteligencia artificial por la Universidad libre de Berl\u00edn. Sus \u00e1reas de inter\u00e9s son los\u00a0robots b\u00edpedos\u00a0y visi\u00f3n artificial. El Dr. Zald\u00edvar es miembro del SNI\u00a0nivel I.<\/span><\/span><\/span><\/p>\n<p class=\"western\" align=\"justify\"><a title=\"CV Daniel\" href=\"http:\/\/cuazteca.edu.mx\/educacioncontinua\/documentos\/Cv Zaldivar 2018.pdf\" target=\"_blank\" rel=\"noopener\"><img decoding=\"async\" loading=\"lazy\" class=\"alignnone wp-image-102\" src=\"http:\/\/cuazteca.edu.mx\/INVEST\/wp-content\/uploads\/2015\/01\/descargarcv.jpg\" alt=\"descargarcv\" width=\"173\" height=\"58\" \/><\/a><\/p>\n<p class=\"western\" align=\"justify\"><span style=\"font-family: Tahoma, sans-serif;\"><span style=\"font-size: x-large;\"><b>Dr. Erik Valdemar Cuevas Jim\u00e9nez<\/b><\/span><\/span><\/p>\n<p class=\"western\" align=\"justify\"><a href=\"http:\/\/cuazteca.edu.mx\/INVEST\/wp-content\/uploads\/2015\/01\/erik.png\"><img decoding=\"async\" loading=\"lazy\" class=\" size-full wp-image-38 alignleft\" src=\"http:\/\/cuazteca.edu.mx\/INVEST\/wp-content\/uploads\/2015\/01\/erik.png\" alt=\"erik\" width=\"170\" height=\"170\" \/><\/a><\/p>\n<p class=\"western\" align=\"justify\"><span style=\"color: #000000;\"><span style=\"font-family: Tahoma, sans-serif;\"><span style=\"font-size: small;\">El Dr. Cuevas es Ingeniero en Comunicaciones y Electr\u00f3nica por parte de\u00a0la Universidad de Guadalajara en 1995, graduado en 2001 de la Maestr\u00eda\u00a0en Electr\u00f3nica industrial en el ITESO. En 2006 recibi\u00f3 el grado de\u00a0doctor en inteligencia artificial por la Universidad libre de Berl\u00edn. Sus\u00a0\u00e1reas de inter\u00e9s son la visi\u00f3n artificial, las t\u00e9cnicas inteligentes y su aplicaci\u00f3n al procesamiento de imagen y control autom\u00e1tico. El Dr. Cuevas es miembro del SNI nivel 1.<\/span><\/span><\/span><\/p>\n<p class=\"western\" align=\"justify\"><a title=\"CV Erik\" href=\"http:\/\/cuazteca.edu.mx\/educacioncontinua\/documentos\/Cv Cuevas 2018.pdf\" target=\"_blank\" rel=\"noopener\"><img decoding=\"async\" loading=\"lazy\" class=\"alignnone wp-image-102\" src=\"http:\/\/cuazteca.edu.mx\/INVEST\/wp-content\/uploads\/2015\/01\/descargarcv.jpg\" alt=\"descargarcv\" width=\"173\" height=\"58\" \/><\/a><\/p>\n","protected":false},"excerpt":{"rendered":"<p>Dr. Daniel Zaldivar Navarro El Dr. Zald\u00edvar es Ingeniero en Comunicaciones y Electr\u00f3nica por parte de la Universidad de Guadalajara en 1995, graduado en 2001&#8230;<\/p>\n","protected":false},"author":1,"featured_media":0,"parent":0,"menu_order":0,"comment_status":"closed","ping_status":"open","template":"page-template-fullwidth.php","meta":[],"_links":{"self":[{"href":"https:\/\/cuazteca.edu.mx\/educacioncontinua\/wp-json\/wp\/v2\/pages\/2"}],"collection":[{"href":"https:\/\/cuazteca.edu.mx\/educacioncontinua\/wp-json\/wp\/v2\/pages"}],"about":[{"href":"https:\/\/cuazteca.edu.mx\/educacioncontinua\/wp-json\/wp\/v2\/types\/page"}],"author":[{"embeddable":true,"href":"https:\/\/cuazteca.edu.mx\/educacioncontinua\/wp-json\/wp\/v2\/users\/1"}],"replies":[{"embeddable":true,"href":"https:\/\/cuazteca.edu.mx\/educacioncontinua\/wp-json\/wp\/v2\/comments?post=2"}],"version-history":[{"count":5,"href":"https:\/\/cuazteca.edu.mx\/educacioncontinua\/wp-json\/wp\/v2\/pages\/2\/revisions"}],"predecessor-version":[{"id":153,"href":"https:\/\/cuazteca.edu.mx\/educacioncontinua\/wp-json\/wp\/v2\/pages\/2\/revisions\/153"}],"wp:attachment":[{"href":"https:\/\/cuazteca.edu.mx\/educacioncontinua\/wp-json\/wp\/v2\/media?parent=2"}],"curies":[{"name":"wp","href":"https:\/\/api.w.org\/{rel}","templated":true}]}}